digit of z?
2
What is the hundreds digit of 197157/23 + 264/(-6072)?
5
Let q = -518 - -88. Let p = q - -933. Suppose -3*g + p = 5*d - 224, 123 = d - 5*g. What is the hundreds digit of d?
1
Suppose 11*x - 122101 = -47873. What is the tens digit of x?
4
Let r be (-244)/(-11) - (-10)/(-55). Suppose 11325 = 3*p + r*p. What is the units digit of p?
3
Suppose 4*y - 3*l - 401 = 3*y, -2*y = 2*l - 778. Let a(g) = -2*g**3 - 6*g**2 + 13*g + 23. Let h be a(-4). Suppose y = h*o - o. What is the units digit of o?
6
Let w(d) = -186*d + 6. Let v be w(-5). Let h = -2377 - -2381. Suppose 10*r = h*r + v. What is the units digit of r?
6
Let p = 67575 - 42327. What is the units digit of p?
8
Let i(g) = -248*g - 24. Let m be i(7). Let w = m - -2928. Suppose o = -4*a + w, a + 869 = 4*a - o. What is the units digit of a?
1
Suppose -x + 4*t - 2 = 0, -4*t = t. What is the units digit of 5/20 + x + (-1038)/(-8)?
8
Let d be 7 + -2 + (-2250)/(-5) + -2. Let v be -2*(-1 + 2) + 2. Suppose -12*p + 675 + d = v. What is the tens digit of p?
9
Suppose 8*z = 14 + 10. Suppose 0 = a - 7*s + 8*s - 108, 2*a = -z*s + 219. What is the tens digit of a?
0
Let q be (1 - (-55)/(-25))/((-1)/24595). Let d be 0 + 4/10 - q/(-15). Suppose -3*b = -15*b + d. What is the tens digit of b?
6
Let j(v) = -5*v + 22. Let h(y) = 17*y - 31*y + 1 + 13*y. Let z(p) = -3*h(p) - j(p). What is the units digit of z(4)?
7
What is the thousands digit of ((-1316)/224)/(2/(-2096))?
6
Let k be (-6 - 2) + 2 - -9. Suppose -d = -k*c - 362, -2*c - c + 679 = 2*d. What is the units digit of d?
7
Let h(p) = 23*p - 2. Let k(f) = 4*f + 1. Let v(o) = h(o) + 4*k(o). Let q(u) = u + 5. Let n be q(-3). What is the tens digit of v(n)?
8
Suppose 0 = -u - 3*j + 6304, 4*j + 6332 = 4*u - 3*u. What is the thousands digit of u?
6
Let v = -38 - -32. What is the units digit of 297 + (v - -3)*1 + 0?
4
Let b(f) = -f**2 + 2*f + 42. Let a be b(7). Suppose -a*v + 36 = -4*v - 3*p, -4*p - 34 = -2*v. What is the units digit of v?
7
Let p be -1*232/(-12)*-3. Let j = p + 57. What is the units digit of (-751)/(-7) + 14/49*j?
7
Suppose -160 + 113436 = 2*x - 2*a, -4*x + a + 226570 = 0. What is the ten thousands digit of x?
5
Let b = 37 + -43. Let c(u) = u**3 + 7*u**2 + 4*u - 8. Let f be c(b). Suppose f*i - 16 = 0, l + 4*i = -0*l + 180. What is the hundreds digit of l?
1
Let w(m) = -m + 1. Let l be ((-12)/(-3))/(-6 - -4). Let r be w(l). Suppose -9 = -r*g + 162. What is the units digit of g?
7
Let r be 48/(-60)*(-5)/(-2). Let a be 1978/4 + ((-5)/r - 2). Suppose 0 = -5*k - 0*k + a. What is the units digit of k?
9
Let s(j) = -9*j**3 - 3*j**2 + 2*j - 2. Let a be s(3). What is the units digit of (-6)/(-14) - 3344/a?
3
Suppose 5*q + 12 - 32 = 0. Suppose 3*p = -q*y - 2*p + 854, -p + 1057 = 5*y. Suppose -221 = -3*g + y. What is the units digit of g?
4
Suppose -15*j = -4*j + 154. Let y = 441 - j. Let q = -273 + y. What is the units digit of q?
2
Suppose -3*j + 15*t + 134994 = 0, 13*t - 15*t + 179926 = 4*j. What is the hundreds digit of j?
9
Let v(r) = -r**3 + 7*r**2 + 40*r - 272. Let n be v(6). Suppose -n*l - 4*k + 6248 = 0, 0 = 18*l - 15*l + 2*k - 4686. What is the thousands digit of l?
1
Let o(g) = -942*g - 5975. What is the ten thousands digit of o(-26)?
1
Suppose -4*a + 20 = 4*v + 64, 0 = -5*v + 5. Let f(u) be the third derivative of -u**5/60 - 23*u**4/24 - u**3/6 - u**2. What is the tens digit of f(a)?
3
Let l = 15690 + 13639. What is the hundreds digit of l?
3
Let c(b) be the first derivative of -23*b**2 + 10*b + 15. What is the tens digit of c(-2)?
0
Let y = -14638 + 25724. What is the units digit of y?
6
Suppose 4*j - 20 = -2*i, -3*i + 29*j + 6 = 27*j. Let q = 49 + -20. Suppose i*f - q - 835 = 0. What is the units digit of f?
6
Let k(g) = 41*g**2 - 377*g + 15. What is the ten thousands digit of k(-23)?
3
Suppose 55*i + 820 = 57*i. Suppose 5*d + 392 = -26*b + 27*b, b - i = -4*d. What is the hundreds digit of b?
4
Suppose 2*k - 14*k = -468. Suppose -k - 36 = 5*w. What is the units digit of 150 - 9*(-5)/w?
7
Suppose 8*p + 9 = -p. What is the hundreds digit of (-29955)/(-90) + p/(-6)?
3
Let q(d) = 1854*d - 3636. What is the tens digit of q(15)?
7
Suppose 0 = -2*b - 3*x + 835, -x - 886 = -3*b + 372. Let o = -418 + 423. Suppose -o*q = -b - 351. What is the tens digit of q?
5
Suppose 7*k + 2 = 23. Suppose 4 = -k*l + 4*l, 5*l + 380 = 2*i. What is the hundreds digit of i?
2
Suppose -4*s + 11*s = -588. Let d = s + 170. What is the tens digit of d?
8
Let z = 3191 - -5551. What is the thousands digit of z?
8
Let m(o) = -287*o**3 + 3*o**2 - 72*o - 323. What is the units digit of m(-5)?
7
Suppose 0*i = -2*i + 10. Suppose 9*q - 160 = i*q. Suppose 46 + q = 2*d. What is the units digit of d?
3
Suppose q - 2 = 0, 810 = t + 4*q - 135. Suppose -3*h = 2*h - 2*u - t, 3*u = h - 177. What is the hundreds digit of h?
1
Let y = 141 + -106. What is the hundreds digit of ((-3)/12 - -1)/(y/16100)?
3
Let k = 122 - 81. Let a = k - 41. What is the units digit of a + (-1)/(-2) + 338/4?
5
Let b(x) = -x**3 - 12*x**2 - 8. Let w be b(-12). Let r be (15/20)/((-2)/w). Suppose -2*m - 81 = -r*m. What is the units digit of m?
1
Let b be (-4)/(12/(-21))*-1. Let y(t) = 5*t**2 - 4*t - 7. What is the units digit of y(b)?
6
Let a = -14 - -12. Let u be -1*(a - -6)/4. What is the tens digit of u - (-9 - 1) - -1?
1
Suppose -2*c - 4*p + 8 - 28 = 0, -2*c + 3*p + 15 = 0. Suppose -4*f + 0*f + 3*n + 3900 = c, 3*f - n - 2920 = 0. What is the units digit of f?
2
Let o(m) = m**3 + 64*m**2 + 88*m + 1933. What is the ten thousands digit of o(-26)?
2
Let g(v) = -5*v + 8. Let y be g(2). What is the hundreds digit of (-9044)/(-19) - (y + 1)?
4
Let y(i) = -101*i + 384. Let k be y(7). Let g be 2/((-592)/(-298) - 2). Let v = g - k. What is the units digit of v?
4
Let w(i) = -i + 208. Let h = -605 - -598. What is the hundreds digit of w(h)?
2
Suppose 2*d = -3*i + 1798, -777 = 4*i + 5*d - 3172. Suppose 2*w - 2*u - 136 = i, 4*w = 5*u + 1468. What is the tens digit of w?
7
Suppose -4*k - 5*u + 4290 = 0, 40*u + 1081 = k + 37*u. What is the thousands digit of k?
1
Let m be ((-2)/6 - 0)*(-45)/3. Suppose m*k + 425 = 5*x, 4*x + 15 - 440 = 5*k. What is the tens digit of (3/(45/k))/((-1)/30)?
7
Let f = 10630 + 4222. Suppose -12*g + f = 35*g. What is the hundreds digit of g?
3
Let z = 14126 - 1414. What is the hundreds digit of z?
7
Let x(c) = c + 17. Let j(t) = -8*t + 22. Let o be j(5). Let f be x(o). What is the units digit of 165/6 - f - 5/10?
8
Let x(c) = -c**3 - 17*c**2 - 32*c - 5. Let n be x(-16). Suppose -n*j + 252*j = 517. What is the hundreds digit of j?
5
Let y(z) = 87*z**2 + 2*z + 4. Let o be y(3). Let x = o + -181. What is the hundreds digit of x?
6
Let q(f) = 7*f**3 - f**2 - 8*f + 6. Let t be q(3). Let s = 216 - t. What is the tens digit of s?
5
Let g = 5101 + -3499. What is the units digit of g?
2
Suppose u = 2*u + 4*f - 11303, -5*u + 3*f = -56400. What is the units digit of u/21 - (-10)/(-35)?
7
Suppose v - 5*v + 5 = -5*i, -4*i - 3 = -3*v. Let q(a) = -a**3 + 12*a**2 - 15*a + 16. Let p be q(10). Let b = p - v. What is the units digit of b?
1
Let b = 920 + -927. What is the tens digit of 8 + (-4 + -8102)/b?
6
Let d = -51146 - -100361. What is the tens digit of d?
1
Suppose 120*o + 2*j = 115*o + 7163, 0 = -3*j - 18. What is the units digit of o?
5
Suppose -22*u - 10715 + 28980 + 28815 = 0. What is the tens digit of u?
4
Suppose 3*v = c - v + 16, -7 = 2*c - 3*v. Suppose -4*g + 2018 = c*y - 2*y, y - 506 = -g. What is the hundreds digit of g?
5
Suppose 12*i - 14575 = i. Let u = i + -480. What is the hundreds digit of u?
8
Let q(x) = x**2 + 14*x + 5. Let p be q(-13). Let b(h) = -35*h**3 - 5*h**2 - 3*h - 8. Let o be b(4). What is the units digit of p/(-20) + o/(-25)?
4
Suppose -352 = -3*p - 2410. Let a = p - -1177. What is the hundreds digit of a?
4
What is the units digit of (-879)/((4/6)/(9 - (-2050)/(-90)))?
6
Let l(p) be the first derivative of -p**4/4 - 13*p**3/3 + 15*p**2/2 + 8*p + 10. Let q be l(-14). What is the units digit of (q/18)/(3/(-666))?
4
Let u(d) = -18*d - 12. Let b be u(-11). What is the tens digit of b/(-4)*(1 + (-58)/6)?
0
Suppose 450 = -5*w + 130. Suppose -f + q = -6*f - 653, 520 = -4*f - 2*q. Let z = w - f. What is the tens digit of z?
6
Suppose 12*v = -31*v - 77*v + 2733600. What is the thousand